est common factor of 8 and y?
4
Suppose q - 82 = -2*j - q, 2*j - 106 = 4*q. Calculate the greatest common divisor of j and 9.
9
Let h = -133 - -217. Let o be -4 + 4 - 7*-4. What is the greatest common factor of o and h?
28
Let k(d) = 3*d**3 + d**2 - d. Let u be k(2). What is the greatest common divisor of u and 182?
26
Suppose 19 = 4*y - 21. Let x = 61 - 31. What is the highest common divisor of y and x?
10
Suppose 2*u - 10 = 0, 10*u = 3*v + 5*u - 11. What is the highest common factor of v and 36?
12
Let k = 3 - -150. Calculate the highest common divisor of 17 and k.
17
Let i(a) = a**3 + 9*a**2 + 2*a. Let z be i(-4). Suppose -25 = -5*b, -3*r + 6*b + 32 = 7*b. What is the greatest common factor of r and z?
9
Let a be (31/(-4))/((-1)/4). Suppose -g + 20 = -i, 0 = g + 4*i + 5. Suppose 2*y + 2*x - g = a, -21 = -y - 3*x. Calculate the highest common divisor of 12 and y.
12
Let r be ((-1)/(-2))/((-2)/(-24)). Suppose -36 = -3*u - 6*u. What is the greatest common factor of u and r?
2
Let u(j) = -8*j**2 - 5*j - j**3 + 0*j**3 - 11 - 2*j. Let f be u(-8). Let i = 10 - 1. Calculate the greatest common factor of i and f.
9
Let l = 0 - -4. Calculate the greatest common divisor of l and 32.
4
Suppose 2*f + 3*f - 44 = -4*z, z = 2*f - 15. What is the highest common divisor of f and 72?
8
Let t be 3 - 1 - (-9)/9. Let y(f) be the first derivative of f**2/2 + 4*f + 1. Let o be y(t). Calculate the greatest common factor of o and 28.
7
Suppose g + 4*g + 4*f = 64, -4*g - 5*f = -44. What is the greatest common divisor of 24 and g?
8
Suppose -72 = 6*h - 2*h. Let s = 28 + h. Calculate the greatest common divisor of s and 70.
10
Let d be (-7)/(-3) - (-8)/12. Let r be (0 + 16)/(-1 + 0). Let q = -10 - r. Calculate the greatest common factor of q and d.
3
Let n be (5/10)/((-1)/(-1))*42. What is the greatest common factor of n and 84?
21
Suppose -3*c - 14 = -5. Let v(r) = 2*r**2 - 2. Let u be v(c). What is the highest common divisor of u and 40?
8
Let p(o) = -10*o - 6 + 0*o**2 + 22*o - o**2. Let v be p(11). What is the highest common divisor of v and 25?
5
Let q(r) = -r**2 - 5*r. Let f be q(-4). Suppose 4*m = 5*v + 42, 2*v = -4*m + f*v + 48. Suppose -3*h + 6*h = 39. Calculate the greatest common factor of m and h.
13
Let t be (2 + -2)/(0 - -1). Suppose t*g + 3 = g. Let h(f) = -f**2 - 7*f - 4. Let s be h(-6). Calculate the highest common factor of g and s.
1
Let a = -76 - -132. What is the highest common divisor of a and 140?
28
Let v(d) be the first derivative of -d**3/3 - 3*d**2 + 7*d - 3. Let y be v(-7). Suppose -3*i + 2*i + 9 = y. What is the greatest common factor of 9 and i?
9
Suppose 0*x - 105 = -5*x. Let a(q) = -q**2 - 6*q + 7. Let c be a(-6). Calculate the greatest common divisor of c and x.
7
Let z be (-5724)/(-96) - 3/(-8). Calculate the highest common factor of 20 and z.
20
Let a(v) = 2*v**2 - 3*v + 1. Let p be a(4). Let x(u) = -6*u + 12. Let h be x(-12). Calculate the highest common divisor of h and p.
21
Let d = 9 + -8. Let c be (459/15)/(d/5). What is the greatest common factor of 17 and c?
17
Suppose 4 = 5*n - 6. Suppose -5*j = n - 122. Let t = -90 - -126. What is the greatest common factor of t and j?
12
Let y = 0 - -2. Let s be (-78)/(-4) + 1/2. Suppose -7*c + s = -y*c. Calculate the greatest common factor of 1 and c.
1
Suppose 1 + 4 = 3*v + 2*y, 0 = 4*v + y - 10. Suppose 4*k - 4 + 0 = 0. Let w be k/(0 - -1) + 0. What is the greatest common factor of v and w?
1
Let t be (12/(-10))/(16/(-40)). Suppose 0*y = -u + 2*y + t, u + 5*y = 10. Calculate the greatest common factor of 15 and u.
5
Suppose -3*q - 5 = -z, 0 = -2*z + 3*q - 0*q + 13. Let l = 20 - z. Let m = l - -7. What is the highest common divisor of m and 19?
19
Let p(h) = -h + 51. Let n be p(18). What is the greatest common factor of 3 and n?
3
Let p(j) = -j**2 - j - 5. Let k be p(0). Let d be 415/25 - 2/k. What is the greatest common divisor of d and 17?
17
Let t(n) = -4*n**2 - 4*n - 3. Let j be t(-2). Let w(s) = -2*s - 7. Let a be w(j). Let x = -8 + a. What is the greatest common divisor of 35 and x?
7
Suppose -8 - 7 = -y. Calculate the greatest common divisor of y and 5.
5
Let s be 56/10*(-315)/(-14). Suppose 0 = 13*t - 10*t - s. What is the greatest common factor of 63 and t?
21
Let v = -90 + 96. Suppose j = 6*j - 5*d + 10, -3*j + 4*d = 10. Suppose -j = u, -16 = -k + u + u. What is the highest common divisor of v and k?
6
Suppose 48 = 4*f + 2*r - 2, 4*f - 3*r = 35. Let b = 1 - -1. Suppose -o - b = -f. Calculate the highest common factor of o and 9.
9
Let i(d) = d**3 + 10*d**2 - d - 2. Let u be ((-3)/(-2))/(4/(-24)). Let l be i(u). Calculate the highest common divisor of l and 8.
8
Let n = 5 + -5. Suppose f + n*j - 5*j = 40, -4*f + 5*j + 175 = 0. Suppose 27 = 6*d - 3*d. Calculate the greatest common divisor of d and f.
9
Let c be (-5)/(-15) + (-131)/(-3). Suppose 3*j + 18 = 4*j. Let r = c - j. What is the highest common divisor of 13 and r?
13
Suppose -13*o - 197 = -821. What is the greatest common factor of 16 and o?
16
Let b be 2*(-5)/(5/(-2)). Suppose b*f - 5*f = -36. What is the highest common divisor of f and 24?
12
Suppose 174 = -5*y + 4*s + 599, 85 = y + s. Calculate the highest common factor of 17 and y.
17
Suppose -3*k - 99 = -3*z, -3*z - 2*k + 0*k + 109 = 0. Calculate the highest common factor of z and 14.
7
Suppose 16*b + 2*b - 3888 = 0. What is the highest common divisor of 27 and b?
27
Let r be 13 + 3/(6/(-4)). Let a = r + 4. What is the highest common divisor of 5 and a?
5
Let u be (-4 - -1) + (0 - 0). Let o be 13*3/u*-4. Suppose -2*q + 4*j = -o, -j - 86 = -3*q + j. Calculate the highest common divisor of 3 and q.
3
Let f = 66 + -60. Calculate the highest common factor of 102 and f.
6
Suppose -u - 4*u + 27 = -3*d, 5*u = -5*d - 45. Let g = d + 10. What is the highest common divisor of g and 11?
1
Suppose 0*w - 15 = -5*w. Let l be 104/88 - 8/44. What is the greatest common factor of w and l?
1
Suppose -5*d + 21 = -4*o, -d - 2*o + 0 - 7 = 0. Calculate the highest common divisor of 1 and d.
1
Let i(r) = -34*r**3 + 2*r - 1. Let c(l) = 35*l**3 - 2*l + 1. Let z(o) = -5*c(o) - 6*i(o). Let y be z(1). Calculate the highest common factor of y and 4.
4
Suppose -55*m = -60*m + 160. What is the greatest common factor of m and 288?
32
Suppose 44*q - 42*q = 6. Calculate the greatest common divisor of q and 39.
3
Let j = 2 - 0. Let v be (-1)/(3/(-96)) - j. Let u = v - 18. Calculate the highest common factor of u and 12.
12
Let g = 33 - 32. Calculate the greatest common factor of g and 7.
1
Suppose -5*i = 2*i - 196. Let f = -1 + 1. Suppose 3*m = -f*m + 210. What is the highest common divisor of i and m?
14
Let z(i) = i + 10. Let y be z(0). Let g be 38/5 + 4/y. Suppose 0 = -x - 9 + 65. What is the greatest common divisor of x and g?
8
Suppose 3*c - m - 430 = 0, 3*m = -4*c + 7*m + 576. Calculate the highest common factor of 22 and c.
11
Suppose 4*c - 4 = -x, 2*c - x = -5*x + 2. Let m = -4 - -9. Suppose m*r = 3*b + 4 + 21, 2*b = 5*r - 20. What is the greatest common factor of c and r?
1
Suppose 2*m - m - 1 = 0. Let a be 2*10/(-2)*m. Let v be (5/a)/((-1)/22). Calculate the greatest common factor of 33 and v.
11
Let s be 2*(-2)/(-4) + -1. Let q be 34/2 + s/(-2). Let w = q + -5. Calculate the greatest common factor of w and 96.
12
Suppose 0 = -b - 4*i + 16, 0 = -0*b - 2*b + i + 50. Calculate the highest common factor of 24 and b.
24
Let h(q) = -2*q + 1. Let l be h(-15). Suppose -4*a - l + 115 = 0. Calculate the highest common factor of a and 21.
21
Let q = 13 + -20. Let f(d) = -d + 9. Let a be f(q). Let l be (1/2)/(2/512). Calculate the greatest common divisor of a and l.
16
Let n(f) = -2*f. Let r be n(-2). Let s = -3 + r. Let c = s + 19. Calculate the greatest common divisor of 4 and c.
4
Let s be (2/10)/(2/10). Let r be (176 - (s + 0)) + 1. What is the greatest common divisor of 22 and r?
22
Suppose 170 = 2*b - 310. What is the highest common factor of b and 30?
30
Let g be (0 - 1)*0 - 2. Let a be (28/(-6) - g)*-15. Let u(f) = f**2 - 7*f - 3. Let t be u(8). Calculate the highest common divisor of a and t.
5
Let n be 572/6 - 2/(-3). What is the greatest common divisor of n and 24?
24
Suppose -1408 = -46*n + 38*n. Let v = 21 - 5. What is the greatest common factor of n and v?
16
Suppose -5*z + 45 = 2*c, 0 